/7)?
2
Suppose 3*u = -2*l - 1, 5*l + 3 = 3*u - 10. Let m be 1 + (-2)/(2/1). What are the prime factors of (9 - m)*(l + 3)?
3
Let q be 9/6*(-12)/(-9). What are the prime factors of (-1)/q + 17/2?
2
Suppose -3*q + 8 - 2 = 0. Suppose w - 36 = -q*w. What are the prime factors of w?
2, 3
Suppose 5*u + 33 + 17 = 0. Let w = u + 42. List the prime factors of w.
2
Let p be (-68)/(-2) + 0 + 1. Let u = -21 + p. What are the prime factors of u?
2, 7
Let h be ((-114)/1)/(2/(-1)). Let x = h + -29. What are the prime factors of x?
2, 7
Let b = -2 - 0. What are the prime factors of (-21)/b + 3/6?
11
Suppose -2*z = 8, -3*z = -2*w - 8*z + 344. What are the prime factors of w?
2, 7, 13
Let d(i) = -3*i + 3. Let c be d(9). Let k = -11 - c. What are the prime factors of k?
13
Suppose 0 = -2*x - 3*x + 10. Let m(u) = 7*u**2 - 2*u + 3. Let h be m(x). Suppose 3*n - 5*c = 1, -4*n + 3*n = 5*c - h. What are the prime factors of n?
7
Let u(f) = -f. Let z be u(-4). Suppose 2*x - 12 = -5*w, -3*x = -5*w - 2*x + 9. Suppose w*p - 10 = z. List the prime factors of p.
7
Let w(y) = 155*y**2 - 2*y - 1. Let q be w(-1). Suppose -2*n + q = 5*o - 37, -o + 21 = -4*n. What are the prime factors of o?
37
Suppose 4*a - 2*g - 2*g - 16 = 0, -4*a = 5*g - 16. Suppose -c + 7 = -0*c. Suppose 0 = a*x - 39 + c. What are the prime factors of x?
2
Suppose 5*j = 2*j + 72. Suppose 0 = -v - v + j. What are the prime factors of v?
2, 3
Let s(o) be the first derivative of 3*o**5/20 - o**4/4 + o**3/2 - 3*o**2/2 + 3*o + 4. Let g(c) be the first derivative of s(c). List the prime factors of g(2).
3, 5
Let g(t) = 3*t**2 - 5*t + 9. What are the prime factors of g(5)?
59
Let d = -142 - -356. List the prime factors of d.
2, 107
Suppose -3*j + j = 90. Let t = -20 - j. List the prime factors of t.
5
Suppose 5*o = -2*n + 14, 2*n = 3*o - 3*n - 27. Suppose -o*v + v = -6. Suppose 0 = p + v*w - 20, -p + 0*p = 5*w - 32. What are the prime factors of p?
2, 3
Let v be (-1)/(-3)*15/5. What are the prime factors of ((-12 + 0)/(-1))/v?
2, 3
List the prime factors of ((-50)/(-6))/(3/18) + 4.
2, 3
Let z(x) = -x**3 + 11*x**2 - 8*x - 10. List the prime factors of z(9).
2, 5
Let g = -409 - -704. List the prime factors of g.
5, 59
Let n(o) = o**2 - 9*o. List the prime factors of n(14).
2, 5, 7
Suppose 0 = 4*n + 6*n - 390. List the prime factors of n.
3, 13
Suppose 0 = -5*t + 3*t + 78. Suppose -t = -m + 3*j, -3*m - 2*j + 75 = 3*j. List the prime factors of m.
2, 3, 5
Let z = -94 - -120. List the prime factors of z.
2, 13
Let q(j) = j**3 - 5*j**2 - 8*j + 8. Let s be q(6). Let u be (135/(-6))/5*s. Suppose -3 = f - u. What are the prime factors of f?
3, 5
Suppose 4*m - 5*t = 22, 0 = -3*m - 2*m + 3*t + 21. Suppose 5*v - 4*d - 69 = 0, m*v = 2*d + 46 - 3. List the prime factors of v.
17
Let n = 14 + -8. Suppose 2*t + 8 = 0, n*o + 2*t - 4 = 2*o. What are the prime factors of o?
3
Let j(t) = -t**2 + 10*t - 3. Suppose 2*r = 6*r - 28. List the prime factors of j(r).
2, 3
Let u = 21 + -21. Suppose u = 4*j - 5 - 3. List the prime factors of j.
2
Suppose 493 - 70 = 9*u. List the prime factors of u.
47
Suppose 15*z - 25 = 10*z. Suppose -4*p - 13 = -z*p. List the prime factors of p.
13
Suppose -3*z - z = 36. Let n(w) = 2*w**3 - 8*w**2 + 14*w. Let x(o) = 3*o**3 - 16*o**2 + 27*o. Let s(r) = 5*n(r) - 3*x(r). List the prime factors of s(z).
2, 3
Suppose 0 = -4*g + 4*l + 20, -g - 1 = l - 5*l. Suppose 5*o = -3*x + 31, -2*x + g*x = 3*o - 39. What are the prime factors of o?
2
Let t = 1 - -2. Let u = t + -3. Suppose u = 2*p - 4 - 12. What are the prime factors of p?
2
Let p(x) be the first derivative of x**2/2 - x + 2. Let t be p(4). Suppose -54 = -3*w + 4*q, -w - t*q = 3 - 8. List the prime factors of w.
2, 7
Suppose 0 = 5*b - 243 + 3. Suppose -n + 3*n - b = 0. What are the prime factors of n?
2, 3
Suppose -2*w = 5 + 3. Let m = w + 5. Suppose 0 = 3*u + m - 31. List the prime factors of u.
2, 5
Suppose -2*z + 5*z = -2*r + 39, 3*z = -9. List the prime factors of r.
2, 3
Let s = -3 - -8. Suppose -4*g = -s*g + 24. List the prime factors of g.
2, 3
Suppose 7 + 29 = 4*c - 4*u, -4*u = -2*c + 26. Suppose 16 = y - f, -c*f + 0*f = -y + 28. List the prime factors of y - 1 - (-1 - -2).
11
Suppose -120 = -4*d + 2*d. Suppose -q = 2*q - d. List the prime factors of q.
2, 5
Let g be 2/10 + (-164)/20. Let p = 0 - g. What are the prime factors of p?
2
Let k = -19 - -11. Suppose 3*a = 5*a - 38. Let s = k + a. List the prime factors of s.
11
Let d(f) = -f**2 - 4*f + 7. Let r be d(-5). Let n be (1 - r) + 4 + 0. Suppose p - 28 = -2*x - 1, p = n*x - 28. List the prime factors of x.
11
Suppose 3*d - 33 = -0*d. List the prime factors of d.
11
Let c(d) = -27*d**3 - 2*d - 1. What are the prime factors of c(-1)?
2, 7
Let t = 43 - 24. What are the prime factors of t?
19
Let b(m) = m**2 - 7*m - 6. Let g be b(7). Let p = g + 18. List the prime factors of p.
2, 3
Let k = -2 - 6. Let g = k - -11. What are the prime factors of g?
3
Suppose 2*d = -4*i + 106, 76 = 3*i + 2*d - 5. What are the prime factors of i?
5
Let k(j) = 16*j**2 - 2*j + 2. Let x be k(2). Let s = x - 32. Suppose 2*b = 5*b - s. List the prime factors of b.
2, 5
Let a(v) = -3*v**3 + 2*v**2 - v. Let f be a(2). Let h = f - -13. Let j(g) = g**2 + 4*g + 6. What are the prime factors of j(h)?
11
Suppose 0 = -0*g - 3*g - 48. Let t = -5 - g. What are the prime factors of t?
11
Let n be 0/5*-1*1. Let o be (n + -15)/(15/(-10)). Let v(c) = -c**2 + 11*c + 10. What are the prime factors of v(o)?
2, 5
Suppose -13 = w + 1. Let q = 31 + w. What are the prime factors of q?
17
Let j = 39 + 20. What are the prime factors of j?
59
Let j be (1/(-2))/((-2)/72). Let y be 518/j - 2/(-9). Suppose 0 = -4*f + 3*x + 33, -3*x + y = 2*f - 2*x. List the prime factors of f.
2, 3
Suppose 0 = -f - 4*f + 450. What are the prime factors of f?
2, 3, 5
Let l(s) = s**2 + 5*s - 9. Let w be l(-7). Suppose -w*g - 10 = 0, -g = 4*z + 3*g + 8. List the prime factors of (-1 - z) + 0 + 3.
2
Let o(t) = -t**2 + 7*t - 7. What are the prime factors of o(5)?
3
Suppose 0 = 4*f - 2*f - 8. Suppose -f*n + 115 = n. List the prime factors of n.
23
Suppose -v - 4*v = 5*w - 75, -5*v = -2*w - 5. List the prime factors of w.
2, 5
Let q(g) = -2*g**3 + 3*g + 1. Suppose 16 = 4*p, 3*k - 2*k = 2*p - 10. What are the prime factors of q(k)?
11
Suppose 2*x + 346 = 5*k, 4*k - k + x = 212. Suppose 3*f + 2*f - k = 0. List the prime factors of f.
2, 7
Suppose -5 + 3 = -x. Let u be (3 - -2)*(x - 0). Suppose -2*p + u + 15 = -5*d, p - 3*d = 14. List the prime factors of p.
5
What are the prime factors of (4 + (-72)/20)*70?
2, 7
Suppose 0 = w + 1 + 10. Let p(k) = k**2 + 10*k - 9. Let q be p(w). Suppose 31 = -q*b + 75. List the prime factors of b.
2, 11
Let i = -17 - -5. Let l = 51 + i. What are the prime factors of l/9 - 2/(-3)?
5
Suppose 155 = 4*d - 181. List the prime factors of d.
2, 3, 7
Let t = -6 - -11. Let h(g) = g - 2. List the prime factors of h(t).
3
Let z(s) = 21*s**3 + s - 1. Let k be 28/10 - (-6)/30. Suppose -2*v - v + k = 0. List the prime factors of z(v).
3, 7
Let y = 2 - -1. Let s = 23 - y. List the prime factors of s.
2, 5
What are the prime factors of -1 - (1 + -50 + 2)?
2, 23
Let j(m) = m**3 - 3*m**2 + 3*m - 1. Let t be j(2). Suppose 11 + t = 2*q. What are the prime factors of q?
2, 3
Suppose -3*h = 5*j - 4*j - 3, h + 20 = 2*j. Suppose j = -k + 5*t, -4*k + 0*k - 2*t = -8. Suppose q + k = 11. List the prime factors of q.
2, 5
Let n(o) = o**2 - 8*o + 4. Let q be n(8). Let z = q - 0. What are the prime factors of z?
2
Let g be -4 + 21/3 + 2. Suppose g*c - z = 144, 4 = 4*z - 0*z. What are the prime factors of c?
29
Suppose 0 = 3*c + 3*z - 6, 4*c - 8 = z + 5. Let s(f) = 4*f**3 - 3*f**3 + f + 3 - 6*f - f**2. What are the prime factors of s(c)?
2, 3
Suppose 0 = 5*i + 5*p - 40, -5*i + 3*p + 11 = 3. Suppose -3*g = 4*y - 29, -3*y = -i*g - 0*g + 22. List the prime factors of g.
7
Let h(l) = 3*l**2 - l. What are the prime factors of h(4)?
2, 11
Suppose -2*z - 62 = -2*k - 0*k, 0 = z - 2. What are the prime factors of k?
3, 11
Let w = 5 - 7. Let v be (w/3)/((-4)/138). Let a = v + -14. List the prime factors of a.
3
Let l be (-2)/(-2) - -1*13. Suppose -4*s = -m - 6, 0 = -2*m + 3*s + 1 - 3. Let o = l - m. What are the prime factors of o?
2, 3
Suppose -314 = 8*y + 94. List the prime factor